{"id":5,"date":"2017-02-20T03:10:17","date_gmt":"2017-02-20T03:10:17","guid":{"rendered":"http:\/\/dine.withemes.com\/?page_id=5"},"modified":"2022-01-25T14:50:14","modified_gmt":"2022-01-25T13:50:14","slug":"about","status":"publish","type":"page","link":"https:\/\/marsbar.de\/?page_id=5","title":{"rendered":"\u00dcber uns"},"content":{"rendered":"<p>[vc_row content_placement=&#8220;middle&#8220; css=&#8220;.vc_custom_1500892802947{padding-top: 80px !important;}&#8220;][vc_column]<div class=\"dine-element wpb_content_element dine-element-dine_gallery \" id=\"dine_gallery-1\">\n<div class=\"dine-gallery gallery-grid column-4 gallery-landscape dine-lightbox-gallery\">\n    \n    \n    <figure class=\"dine-gallery-item\">\n        \n        <div class=\"dine-gallery-item-inner\">\n    \n            \n            <a href=\"https:\/\/marsbar.de\/wp-content\/uploads\/2022\/01\/DSC09800-Kopie.jpg\" class=\"lightbox-link\"><img fetchpriority=\"high\" decoding=\"async\" width=\"1024\" height=\"811\" src=\"https:\/\/marsbar.de\/wp-content\/uploads\/2022\/01\/DSC09800-Kopie-1024x811.jpg\" class=\"attachment-large size-large\" alt=\"\" srcset=\"https:\/\/marsbar.de\/wp-content\/uploads\/2022\/01\/DSC09800-Kopie-1024x811.jpg 1024w, https:\/\/marsbar.de\/wp-content\/uploads\/2022\/01\/DSC09800-Kopie-300x238.jpg 300w, https:\/\/marsbar.de\/wp-content\/uploads\/2022\/01\/DSC09800-Kopie-768x608.jpg 768w, https:\/\/marsbar.de\/wp-content\/uploads\/2022\/01\/DSC09800-Kopie-1536x1217.jpg 1536w, https:\/\/marsbar.de\/wp-content\/uploads\/2022\/01\/DSC09800-Kopie.jpg 1920w\" sizes=\"(max-width: 1024px) 100vw, 1024px\" \/><\/a>\n            <div class=\"height-element\"><\/div>\n\n            <div class=\"loading-icon\"><\/div>\n            \n                        \n        <\/div>\n    \n    <\/figure><!-- .dine-gallery-item -->\n    \n    \n    <figure class=\"dine-gallery-item\">\n        \n        <div class=\"dine-gallery-item-inner\">\n    \n            \n            <a href=\"https:\/\/marsbar.de\/wp-content\/uploads\/2022\/01\/DSC04291-Bearbeitet-Kopie.jpg\" class=\"lightbox-link\"><img decoding=\"async\" width=\"1024\" height=\"958\" src=\"https:\/\/marsbar.de\/wp-content\/uploads\/2022\/01\/DSC04291-Bearbeitet-Kopie-1024x958.jpg\" class=\"attachment-large size-large\" alt=\"\" srcset=\"https:\/\/marsbar.de\/wp-content\/uploads\/2022\/01\/DSC04291-Bearbeitet-Kopie-1024x958.jpg 1024w, https:\/\/marsbar.de\/wp-content\/uploads\/2022\/01\/DSC04291-Bearbeitet-Kopie-300x281.jpg 300w, https:\/\/marsbar.de\/wp-content\/uploads\/2022\/01\/DSC04291-Bearbeitet-Kopie-768x719.jpg 768w, https:\/\/marsbar.de\/wp-content\/uploads\/2022\/01\/DSC04291-Bearbeitet-Kopie-1536x1438.jpg 1536w, https:\/\/marsbar.de\/wp-content\/uploads\/2022\/01\/DSC04291-Bearbeitet-Kopie.jpg 1920w\" sizes=\"(max-width: 1024px) 100vw, 1024px\" \/><\/a>\n            <div class=\"height-element\"><\/div>\n\n            <div class=\"loading-icon\"><\/div>\n            \n                        \n        <\/div>\n    \n    <\/figure><!-- .dine-gallery-item -->\n    \n    \n    <figure class=\"dine-gallery-item\">\n        \n        <div class=\"dine-gallery-item-inner\">\n    \n            \n            <a href=\"https:\/\/marsbar.de\/wp-content\/uploads\/2022\/01\/DSC04339-Kopie.jpg\" class=\"lightbox-link\"><img decoding=\"async\" width=\"1024\" height=\"683\" src=\"https:\/\/marsbar.de\/wp-content\/uploads\/2022\/01\/DSC04339-Kopie-1024x683.jpg\" class=\"attachment-large size-large\" alt=\"\" srcset=\"https:\/\/marsbar.de\/wp-content\/uploads\/2022\/01\/DSC04339-Kopie-1024x683.jpg 1024w, https:\/\/marsbar.de\/wp-content\/uploads\/2022\/01\/DSC04339-Kopie-300x200.jpg 300w, https:\/\/marsbar.de\/wp-content\/uploads\/2022\/01\/DSC04339-Kopie-768x512.jpg 768w, https:\/\/marsbar.de\/wp-content\/uploads\/2022\/01\/DSC04339-Kopie-1536x1024.jpg 1536w, https:\/\/marsbar.de\/wp-content\/uploads\/2022\/01\/DSC04339-Kopie-600x400.jpg 600w, https:\/\/marsbar.de\/wp-content\/uploads\/2022\/01\/DSC04339-Kopie.jpg 1920w\" sizes=\"(max-width: 1024px) 100vw, 1024px\" \/><\/a>\n            <div class=\"height-element\"><\/div>\n\n            <div class=\"loading-icon\"><\/div>\n            \n                        \n        <\/div>\n    \n    <\/figure><!-- .dine-gallery-item -->\n    \n    \n    <figure class=\"dine-gallery-item\">\n        \n        <div class=\"dine-gallery-item-inner\">\n    \n            \n            <a href=\"https:\/\/marsbar.de\/wp-content\/uploads\/2022\/01\/DSC04290-Kopie.jpg\" class=\"lightbox-link\"><img loading=\"lazy\" decoding=\"async\" width=\"1024\" height=\"609\" src=\"https:\/\/marsbar.de\/wp-content\/uploads\/2022\/01\/DSC04290-Kopie-1024x609.jpg\" class=\"attachment-large size-large\" alt=\"\" srcset=\"https:\/\/marsbar.de\/wp-content\/uploads\/2022\/01\/DSC04290-Kopie-1024x609.jpg 1024w, https:\/\/marsbar.de\/wp-content\/uploads\/2022\/01\/DSC04290-Kopie-300x178.jpg 300w, https:\/\/marsbar.de\/wp-content\/uploads\/2022\/01\/DSC04290-Kopie-768x457.jpg 768w, https:\/\/marsbar.de\/wp-content\/uploads\/2022\/01\/DSC04290-Kopie-1536x914.jpg 1536w, https:\/\/marsbar.de\/wp-content\/uploads\/2022\/01\/DSC04290-Kopie.jpg 1920w\" sizes=\"(max-width: 1024px) 100vw, 1024px\" \/><\/a>\n            <div class=\"height-element\"><\/div>\n\n            <div class=\"loading-icon\"><\/div>\n            \n                        \n        <\/div>\n    \n    <\/figure><!-- .dine-gallery-item -->\n    \n    \n<\/div><!-- .dine-gallery --><\/div>[\/vc_column][\/vc_row][vc_row][vc_column][vc_column_text]<\/p>\n<p align=\"justify\">Das\u00a0<strong>\u00bbPf\u00f6rtnerhaus\u00ab<\/strong>\u00a0im Stra\u00dfenbahnring, Ecke Falkenried, im Hamburger Stadtteil Eppendorf erinnert noch an die Zeit, als in der Hauptwerkstatt Falkenried (1894 bis 1978) elektrische Stra\u00dfenbahnen gebaut wurden. Im inzwischen\u00a0<strong>denkmalgesch\u00fctzten Geb\u00e4ude<\/strong>\u00a0verbindet sich das Zeugnis vom industriellen Fortschritt mit st\u00e4dtebaulicher Nostalgie. Im Jahr 2004 wurde das ehemalige Pf\u00f6rtnerhaus f\u00fcr die\u00a0<strong>Marsbar-Gastronomie<\/strong>\u00a0um- und ausgebaut. Angefangen als \u00bbCaffeteria e Paninoteca\u00ab, entwickelte sich das Angebot hinter der historischen Rotklinker-Fassade bis heute zur\u00a0<strong>\u00bbWeinbar und Restaurant\u00ab<\/strong>.<\/p>\n<p>[\/vc_column_text][\/vc_column][\/vc_row][vc_row content_placement=&#8220;middle&#8220; css=&#8220;.vc_custom_1488256727853{padding-top: 80px !important;padding-bottom: 80px !important;}&#8220;][vc_column width=&#8220;1\/2&#8243; offset=&#8220;vc_col-md-3&#8243;][vc_column_text]<\/p>\n<h2 style=\"text-align: center;\">Interieur<\/h2>\n<p style=\"text-align: center;\">Die Marsbar verf\u00fcgt \u00fcber\u00a0<strong>75 Innenpl\u00e4tze<\/strong>\u00a0und weitere\u00a0<strong>80 Au\u00dfenpl\u00e4tze auf der Terrasse<\/strong>. Die Pl\u00e4tze direkt an der Bar sind den ganzen Tag \u00fcber gern frequentiert und erlauben einen Blick in die offene K\u00fcche. Der Restaurantbereich bietet mit verglaster Fensterfront, kleinen Tischen und einer langen Ledersitzbank Platz f\u00fcr\u00a0<strong>entspanntes Speisen in unkonventioneller Atmosph\u00e4re<\/strong>. Zwischen beiden Eingangsbereichen kann man auf Barhockern am Fenster sitzen oder ungezwungen im Stehen Kleinigkeiten essen und ein Gl\u00e4schen Wein trinken<\/p>\n<p>[\/vc_column_text][\/vc_column][vc_column width=&#8220;1\/2&#8243; offset=&#8220;vc_col-md-3&#8243;]<div class=\"dine-element wpb_content_element dine-element-diamond \" id=\"diamond-1\">\n<div class=\"dine-diamond dine-animation-element animation-left\" data-delay=\"200\">\n    \n    <div class=\"diamond-bg\"><\/div>\n    \n    <div class=\"diamond-content\">\n    \n        <p>Willkommen<\/p>\n<p>in der<\/p>\n<p>Marsbar<\/p>\n    \n    <\/div><!-- .diamond-content -->\n    \n<\/div><\/div>[\/vc_column][vc_column offset=&#8220;vc_col-md-6&#8243;]<div class=\"dine-element wpb_content_element dine-element-dine_gallery \" id=\"dine_gallery-2\">\n<div class=\"dine-gallery gallery-grid column-2 gallery-portrait dine-lightbox-gallery\">\n    \n    \n    <figure class=\"dine-gallery-item\">\n        \n        <div class=\"dine-gallery-item-inner\">\n    \n            \n            <a href=\"https:\/\/marsbar.de\/wp-content\/uploads\/2022\/01\/DSC04431-Kopie.jpg\" class=\"lightbox-link\"><img loading=\"lazy\" decoding=\"async\" width=\"1920\" height=\"1280\" src=\"https:\/\/marsbar.de\/wp-content\/uploads\/2022\/01\/DSC04431-Kopie.jpg\" class=\"attachment-full size-full\" alt=\"\" srcset=\"https:\/\/marsbar.de\/wp-content\/uploads\/2022\/01\/DSC04431-Kopie.jpg 1920w, https:\/\/marsbar.de\/wp-content\/uploads\/2022\/01\/DSC04431-Kopie-300x200.jpg 300w, https:\/\/marsbar.de\/wp-content\/uploads\/2022\/01\/DSC04431-Kopie-1024x683.jpg 1024w, https:\/\/marsbar.de\/wp-content\/uploads\/2022\/01\/DSC04431-Kopie-768x512.jpg 768w, https:\/\/marsbar.de\/wp-content\/uploads\/2022\/01\/DSC04431-Kopie-1536x1024.jpg 1536w, https:\/\/marsbar.de\/wp-content\/uploads\/2022\/01\/DSC04431-Kopie-600x400.jpg 600w\" sizes=\"(max-width: 1920px) 100vw, 1920px\" \/><\/a>\n            <div class=\"height-element\"><\/div>\n\n            <div class=\"loading-icon\"><\/div>\n            \n                        \n        <\/div>\n    \n    <\/figure><!-- .dine-gallery-item -->\n    \n    \n    <figure class=\"dine-gallery-item\">\n        \n        <div class=\"dine-gallery-item-inner\">\n    \n            \n            <a href=\"https:\/\/marsbar.de\/wp-content\/uploads\/2022\/01\/DSC04272-Bearbeitet-Kopie.jpg\" class=\"lightbox-link\"><img loading=\"lazy\" decoding=\"async\" width=\"1920\" height=\"2400\" src=\"https:\/\/marsbar.de\/wp-content\/uploads\/2022\/01\/DSC04272-Bearbeitet-Kopie.jpg\" class=\"attachment-full size-full\" alt=\"\" srcset=\"https:\/\/marsbar.de\/wp-content\/uploads\/2022\/01\/DSC04272-Bearbeitet-Kopie.jpg 1920w, https:\/\/marsbar.de\/wp-content\/uploads\/2022\/01\/DSC04272-Bearbeitet-Kopie-240x300.jpg 240w, https:\/\/marsbar.de\/wp-content\/uploads\/2022\/01\/DSC04272-Bearbeitet-Kopie-819x1024.jpg 819w, https:\/\/marsbar.de\/wp-content\/uploads\/2022\/01\/DSC04272-Bearbeitet-Kopie-768x960.jpg 768w, https:\/\/marsbar.de\/wp-content\/uploads\/2022\/01\/DSC04272-Bearbeitet-Kopie-1229x1536.jpg 1229w, https:\/\/marsbar.de\/wp-content\/uploads\/2022\/01\/DSC04272-Bearbeitet-Kopie-1638x2048.jpg 1638w\" sizes=\"(max-width: 1920px) 100vw, 1920px\" \/><\/a>\n            <div class=\"height-element\"><\/div>\n\n            <div class=\"loading-icon\"><\/div>\n            \n                        \n        <\/div>\n    \n    <\/figure><!-- .dine-gallery-item -->\n    \n    \n<\/div><!-- .dine-gallery --><\/div>[\/vc_column][\/vc_row][vc_row full_width=&#8220;stretch_row&#8220; parallax=&#8220;true&#8220; elements_fade=&#8220;true&#8220; css=&#8220;.vc_custom_1643117734014{padding-top: 140px !important;padding-bottom: 140px !important;background: #ffffff url(https:\/\/marsbar.de\/wp-content\/uploads\/2022\/01\/DSC01149-Kopie.jpg?id=2144);background-position: 0 0;background-repeat: repeat !important;}&#8220; overlay=&#8220;rgba(0,0,0,0.1)&#8220;][vc_column]<div class=\"dine-element wpb_content_element dine-element-text_slider \" id=\"text_slider-1\"><div data-delay=\"300\" style=\"color:#ffffff;font-size:50px\" data-timer=\"3000\" class=\"cd-headline rotate-3 letters dine-animation-element animation-bottom\"><span class=\"cd-words-wrapper\"><b class=\"is-visible text-slide\">Weine \u2013 gro\u00dfe Vielfalt an offenen als auch Flaschenweinen<\/b><b class=\"text-slide\"><\/b><\/span><\/div><\/div>[\/vc_column][\/vc_row][vc_row css=&#8220;.vc_custom_1488012464502{padding-bottom: 80px !important;}&#8220;][vc_column width=&#8220;1\/4&#8243;][\/vc_column][vc_column width=&#8220;1\/2&#8243;]<div class=\"dine-element wpb_content_element dine-element-divider  dine-animation-element\" id=\"divider-1\">\n<div class=\"dine-divider type-image divider-image has-animation\" data-delay=\"0\">\n    \n    <div class=\"divider-inner\">\n    \n        <div class=\"divider-line line-left\" style=\"border-top-width:1px;margin-top:-1px\"><\/div>\n\n                <div class=\"icon-wrapper\">\n\n            <span class=\"image\" style=\"width:50px;\"><img loading=\"lazy\" decoding=\"async\" width=\"568\" height=\"209\" src=\"https:\/\/marsbar.de\/wp-content\/uploads\/2017\/02\/marsbarlogob.png\" class=\"attachment-full size-full\" alt=\"\" srcset=\"https:\/\/marsbar.de\/wp-content\/uploads\/2017\/02\/marsbarlogob.png 568w, https:\/\/marsbar.de\/wp-content\/uploads\/2017\/02\/marsbarlogob-300x110.png 300w\" sizes=\"(max-width: 568px) 100vw, 568px\" \/><\/span>\n        <\/div><!-- .icon-wrapper -->\n        \n        <div class=\"divider-line line-right\" style=\"border-top-width:1px;margin-top:-1px\"><\/div>\n        \n    <\/div><!-- .divider-inner -->\n    \n<\/div><!-- .dine-divider --><\/div>[vc_column_text]<\/p>\n<p style=\"text-align: center;\">Die\u00a0<strong>gro\u00dfe Vielfalt an offenen und Flaschenweinen<\/strong>\u00a0wurde auf die K\u00fcche mit mediterranen und deutschen Wurzeln ausgerichtet. Auch hier finden sich im\u00a0<strong>Schwerpunkt Weine von Winzern aus Deutschland, Italien und Frankreich<\/strong>. Deutsche Weine aus Baden und der Nahe hin zu franz\u00f6sischen Tropfen aus dem Burgund \u00fcber die C\u00f4tes du Rh\u00f4ne und aus Bordeaux bis hin zu italienischen Gew\u00e4chsen vom Gardasee bis nach Sardinien lassen eine klare Handschrift erkennen.<\/p>\n<p>[\/vc_column_text][\/vc_column][vc_column width=&#8220;1\/4&#8243;][\/vc_column][\/vc_row][vc_row][vc_column width=&#8220;1\/3&#8243;]<div class=\"dine-element wpb_content_element dine-element-slider  vc_custom_1643117800112\" id=\"slider-1\"><div class=\"dine-slider\" data-options='{\"cellSelector\":\".carousel-cell\",\"wrapAround\":true,\"prevNextButtons\":true,\"pageDots\":false,\"autoPlay\":2000}'>\n    \n    <div class=\"carousel\">\n        \n        \n        <div class=\"carousel-cell\">\n            \n            <img loading=\"lazy\" decoding=\"async\" width=\"200\" height=\"254\" src=\"https:\/\/marsbar.de\/wp-content\/uploads\/2022\/01\/hofmann-grafik-1.png\" class=\"attachment-full size-full\" alt=\"\" \/>            \n                        \n        <\/div><!-- .carousel-cell -->\n\n        \n        <div class=\"carousel-cell\">\n            \n            <img loading=\"lazy\" decoding=\"async\" width=\"200\" height=\"219\" src=\"https:\/\/marsbar.de\/wp-content\/uploads\/2022\/01\/willemswillems-grafik-1.png\" class=\"attachment-full size-full\" alt=\"\" \/>            \n                        \n        <\/div><!-- .carousel-cell -->\n\n        \n    <\/div><!-- .carousel -->\n\n<\/div><!-- .dine-slider --><\/div>[\/vc_column][vc_column width=&#8220;1\/3&#8243;]<div class=\"dine-element wpb_content_element dine-element-diamond \" id=\"diamond-2\">\n<div class=\"dine-diamond dine-animation-element animation-left\" data-delay=\"200\">\n    \n    <div class=\"diamond-bg\"><\/div>\n    \n    <div class=\"diamond-content\">\n    \n        <p>Lieferanten<\/p>\n<p>und<\/p>\n<p>Winzer<\/p>\n    \n    <\/div><!-- .diamond-content -->\n    \n<\/div><\/div>[\/vc_column][vc_column width=&#8220;1\/3&#8243;][vc_column_text]<\/p>\n<h2 style=\"text-align: center;\">Partner<\/h2>\n<p style=\"text-align: center;\">Die Marsbar arbeitet mit ausgew\u00e4hlten Lieferanten und Winzern zusammen. Dadurch garantieren wir stets einen hohen Standard an Qualit\u00e4t und Regionalit\u00e4t. Das Weingut Hofmann hat unseren Signature Wei\u00dfwein und Ros\u00e9 kreiert.<\/p>\n<p>[\/vc_column_text][\/vc_column][\/vc_row][vc_row full_width=&#8220;stretch_row&#8220; parallax=&#8220;true&#8220; elements_fade=&#8220;true&#8220; css=&#8220;.vc_custom_1643118359954{padding-top: 140px !important;padding-bottom: 140px !important;background: #ffffff url(https:\/\/marsbar.de\/wp-content\/uploads\/2022\/01\/DSC06184-Kopie-2.jpg?id=2148);}&#8220; overlay=&#8220;rgba(0,0,0,0.03)&#8220;][vc_column]<div class=\"dine-element wpb_content_element dine-element-text_slider \" id=\"text_slider-2\"><div data-delay=\"300\" style=\"color:#ffffff;font-size:50px\" data-timer=\"3000\" class=\"cd-headline rotate-3 letters dine-animation-element animation-bottom\"><span class=\"cd-words-wrapper\"><b class=\"is-visible text-slide\">Private Veranstaltungen in der Marsbar<\/b><b class=\"text-slide\">oder kulinarische Betreuung bei euch vor Ort<\/b><\/span><\/div><\/div>[\/vc_column][\/vc_row][vc_row css=&#8220;.vc_custom_1488012459548{padding-top: 80px !important;}&#8220;][vc_column]<div class=\"dine-element wpb_content_element dine-element-arctext \" id=\"arctext-1\"><div class=\"dine-arctext\" style=\"transform:rotate(135deg);\">\n    <span>Events<\/span>\n\n<\/div><\/div><div class=\"dine-element wpb_content_element dine-element-heading \" id=\"heading-1\"><div class=\"dine-heading\">\n    \n    <div class=\"heading-container\">\n\n        <h2 class=\"heading-title\">Veranstaltungen<\/h2>\n    <\/div>\n    \n        \n    <h4 class=\"heading-subtitle\">\n    \n        in der Marsbar, mit der Marsbar    \n    <\/h4>\n    \n    \n<\/div><!-- .dine-heading --><\/div>[vc_column_text]<\/p>\n<p align=\"justify\">Die Marsbar steht ganzj\u00e4hrig f\u00fcr Veranstaltungen f\u00fcr euch bereit. Dabei stellen wir in Absprache mit euch und in Abh\u00e4ngigkeit der Personenanzahl ein Men\u00fc zusammen und besprechen mit euch die Weinauswahl. Wir decken f\u00fcr euch ein und stimmen das Men\u00fc mit euch ab. So f\u00fchlen sich auch kleine Gesellschaften perfekt betreut und wohl.\u00a0<strong>Ihr k\u00f6nnt die Marsbar auch f\u00fcr geschlossene Veranstaltungen f\u00fcr private oder gesch\u00e4ftliche Anl\u00e4sse buchen<\/strong>. Angefangen von einem Flying Dinner im Stehen und an der Bar bis hin zu warmen Speisen am Tisch und dazu passenden Getr\u00e4nken sorgen wir f\u00fcr das Wohlbefinden eurer G\u00e4ste.<\/p>\n<p>Mehrmals im Jahr werden in der Marsbar\u00a0<strong>jahreszeitliche Events<\/strong>\u00a0veranstaltet zu denen wir saisonale Themenmen\u00fcs und harmonierende Weine zusammenstellen. Unsere G\u00e4ste werden in der Marsbar \u00fcber die n\u00e4chsten Events informiert.<\/p>\n<p>[\/vc_column_text][\/vc_column][\/vc_row][vc_row css=&#8220;.vc_custom_1488012464502{padding-bottom: 80px !important;}&#8220;][vc_column width=&#8220;1\/6&#8243; offset=&#8220;vc_col-md-4&#8243;][\/vc_column][vc_column width=&#8220;2\/3&#8243; offset=&#8220;vc_col-md-4&#8243;]<div class=\"dine-element wpb_content_element dine-element-divider  dine-animation-element\" id=\"divider-2\">\n<div class=\"dine-divider type-image divider-image has-animation\" data-delay=\"0\">\n    \n    <div class=\"divider-inner\">\n    \n        <div class=\"divider-line line-left\" style=\"border-top-width:1px;margin-top:-1px\"><\/div>\n\n                <div class=\"icon-wrapper\">\n\n            <span class=\"image\" style=\"width:50px;\"><img loading=\"lazy\" decoding=\"async\" width=\"568\" height=\"209\" src=\"https:\/\/marsbar.de\/wp-content\/uploads\/2017\/02\/marsbarlogob.png\" class=\"attachment-full size-full\" alt=\"\" srcset=\"https:\/\/marsbar.de\/wp-content\/uploads\/2017\/02\/marsbarlogob.png 568w, https:\/\/marsbar.de\/wp-content\/uploads\/2017\/02\/marsbarlogob-300x110.png 300w\" sizes=\"(max-width: 568px) 100vw, 568px\" \/><\/span>\n        <\/div><!-- .icon-wrapper -->\n        \n        <div class=\"divider-line line-right\" style=\"border-top-width:1px;margin-top:-1px\"><\/div>\n        \n    <\/div><!-- .divider-inner -->\n    \n<\/div><!-- .dine-divider --><\/div>[vc_column_text]<\/p>\n<p style=\"text-align: center;\">Ein Angebot senden wir euch gern\u00a0<a href=\"mailto:info@marsbar-hamburg.de\">auf Anfrage per Mail.<\/a><br \/>\nAlternativ k\u00f6nnt ihr auch unser Kontaktformular nutzen.<\/p>\n<p>[\/vc_column_text]<div class=\"dine-button button-inline button-center\" id=\"button-1\"><a href=\"http:\/\/marsbar.de\/?page_id=11\" data-delay=\"300\" class=\"dine-btn btn-fill has-icon dine-animation-element animation-bottom\"><span>zum Kontaktformular<\/span><i class=\"fa fa-angle-right\"><\/i><\/a><\/div>[\/vc_column][vc_column width=&#8220;1\/6&#8243; offset=&#8220;vc_col-md-4&#8243;][\/vc_column][\/vc_row]<\/p>\n","protected":false},"excerpt":{"rendered":"<p>[vc_row content_placement=&#8220;middle&#8220; css=&#8220;.vc_custom_1500892802947{padding-top: 80px !important;}&#8220;][vc_column][\/vc_column][\/vc_row][vc_row][vc_column][vc_column_text] Das\u00a0\u00bbPf\u00f6rtnerhaus\u00ab\u00a0im Stra\u00dfenbahnring, Ecke Falkenried, im Hamburger Stadtteil Eppendorf erinnert noch an die Zeit, als in der Hauptwerkstatt Falkenried (1894 bis 1978) elektrische Stra\u00dfenbahnen gebaut wurden. Im inzwischen\u00a0denkmalgesch\u00fctzten Geb\u00e4ude\u00a0verbindet sich das Zeugnis vom industriellen Fortschritt mit st\u00e4dtebaulicher Nostalgie. Im Jahr 2004 wurde das ehemalige Pf\u00f6rtnerhaus f\u00fcr die\u00a0Marsbar-Gastronomie\u00a0um- und ausgebaut. Angefangen als &hellip; <\/p>\n","protected":false},"author":1,"featured_media":2150,"parent":0,"menu_order":0,"comment_status":"closed","ping_status":"closed","template":"","meta":{"footnotes":""},"class_list":["post-5","page","type-page","status-publish","has-post-thumbnail","hentry"],"_links":{"self":[{"href":"https:\/\/marsbar.de\/index.php?rest_route=\/wp\/v2\/pages\/5"}],"collection":[{"href":"https:\/\/marsbar.de\/index.php?rest_route=\/wp\/v2\/pages"}],"about":[{"href":"https:\/\/marsbar.de\/index.php?rest_route=\/wp\/v2\/types\/page"}],"author":[{"embeddable":true,"href":"https:\/\/marsbar.de\/index.php?rest_route=\/wp\/v2\/users\/1"}],"replies":[{"embeddable":true,"href":"https:\/\/marsbar.de\/index.php?rest_route=%2Fwp%2Fv2%2Fcomments&post=5"}],"version-history":[{"count":63,"href":"https:\/\/marsbar.de\/index.php?rest_route=\/wp\/v2\/pages\/5\/revisions"}],"predecessor-version":[{"id":2149,"href":"https:\/\/marsbar.de\/index.php?rest_route=\/wp\/v2\/pages\/5\/revisions\/2149"}],"wp:featuredmedia":[{"embeddable":true,"href":"https:\/\/marsbar.de\/index.php?rest_route=\/wp\/v2\/media\/2150"}],"wp:attachment":[{"href":"https:\/\/marsbar.de\/index.php?rest_route=%2Fwp%2Fv2%2Fmedia&parent=5"}],"curies":[{"name":"wp","href":"https:\/\/api.w.org\/{rel}","templated":true}]}}